and g?
18
Suppose -16 = -4*a - 0. Let z(w) = 14*w - 81. Let c be z(6). Suppose -18 = -c*v + 42. Calculate the greatest common factor of a and v.
4
Let i be (-1)/((-3250)/(-234) + -14). What is the highest common divisor of i and 3702?
3
Let z = -40217 - -40237. Calculate the greatest common factor of z and 4244.
4
Let p = 107 - 93. Let s(i) = 5*i + 14*i**2 + 15 + 9 - i**3 + 0*i**3 - 4. Let j be s(p). Calculate the highest common divisor of j and 9.
9
Suppose -27*g - 622 - 1781 = 0. Let d = -65 - g. Calculate the highest common divisor of d and 9.
3
Suppose -4*r = 3*y - 2060, -1128 = -4*y + 5*r + 1691. Calculate the highest common divisor of y and 8584.
232
Let a(n) = 125*n + 136. Let m be a(-1). Let g be 4 + -1 + 70 + 4. Calculate the greatest common factor of g and m.
11
Let l be 2 + (1 - (0 - 0)). Let q be ((-1)/2)/(l/(-360)). Let g be 18 + -12*6/9. What is the highest common factor of g and q?
10
Let l(k) = -6*k - 16*k**2 + 40*k**2 + 8*k. Let n be l(4). Suppose 1690 = 5*p + 2*b + n, 0 = -2*p + 3*b + 523. What is the highest common divisor of p and 104?
52
Suppose -g + 522 = 2*g - 2*j, -4*g = 4*j - 696. Suppose 3*v - g + 21 = 0. Suppose 12*b - 16*b = -136. What is the highest common factor of b and v?
17
Let k(o) = -10*o + 83. Let y be k(24). Let g = y + 187. What is the highest common factor of g and 15?
15
Let n = 855 - 287. Suppose 0 = -37*w + 2381 - n. Calculate the highest common divisor of w and 1225.
49
Let d(h) = -14*h - 95. Let b be d(-7). Suppose k = b*q + 340, -5*q = 6 + 19. Calculate the highest common divisor of 39 and k.
13
Let j = -8910 - -9588. What is the highest common factor of 21 and j?
3
Let f = 42 + -40. Let v be f*1/(-2) + 57. What is the highest common divisor of 504 and v?
56
Let i = -16 - -12. Let p be 5*i/(-40)*-8. Let o be (34/p)/((-3)/6). What is the greatest common divisor of o and 17?
17
Let y = -270 + 172. Let k be 6/12 - (1 + y/4). What is the highest common factor of 72 and k?
24
Let v = -138 + 142. Suppose -2*w + 64 = 5*n, 5*n - 3*w = -v*w + 62. Calculate the greatest common factor of n and 108.
12
Let c(t) = -3*t**2 - 51*t + 78. Let x be c(-18). Calculate the highest common divisor of 876 and x.
12
Suppose 0 = -3*z - s + 5332, -s + 1768 = z + 4*s. What is the highest common factor of z and 28?
14
Let l = -120 + 728. Suppose -7*k + 12*k = 2*h + 376, -5*h + 542 = 7*k. Calculate the highest common factor of l and k.
76
Let q(v) = 8*v - 36. Let i be q(5). Suppose -140 = -c + i*n, -2*n - 166 + 426 = 2*c. What is the highest common factor of 33 and c?
33
Let q(k) = -k + 43. Let d(f) = -f. Let p(t) = 6*d(t) - q(t). Let w be p(-8). Let x be w + 27/3*3. Calculate the highest common divisor of x and 24.
24
Let z(w) = -w**3 + 10*w**2 - 21*w + 9. Let d be z(6). Calculate the highest common divisor of d and 1017.
9
Let b = -522 - -1407. Let x be 4 - (-2 + 4)/((-6)/b). Suppose x = 5*v + 109. What is the greatest common divisor of 2 and v?
2
Suppose 0 = 3*l - 14 + 2, -z + 2*l = -29. Let o = -16 + z. What is the highest common factor of 63 and o?
21
Let g = 56 - 53. Suppose 4*b = -z + g + 17, -2*z = -2*b. Suppose b*m + 0*m - 108 = 0. Calculate the greatest common factor of 3 and m.
3
Let a = 24 + 40. Let h = a + -63. Suppose -3*p = 2*w + 2, 2*w + 5*p + 10 - 4 = 0. What is the greatest common factor of w and h?
1
Let x(j) = -15*j + 84. Let y = -33 + 29. Let t be x(y). Calculate the greatest common divisor of 54 and t.
18
Let k = 109 - 301. Let i = -189 - k. What is the highest common factor of 2 and i?
1
Let y be (95/15)/((-3)/(-9)). Suppose y*t + 57 = 20*t. What is the greatest common divisor of 285 and t?
57
Let r be (-8 - -1) + 0 + (-21 - -38). Let x = -26 - -36. What is the greatest common divisor of r and x?
10
Let v be (104/(-312))/((-3009)/1503 + 2). What is the highest common divisor of 835 and v?
167
Let h be 2926/35 + 48/(-30). Calculate the highest common divisor of 3731 and h.
41
Let v be (10/15)/(4/(-438)). Let w = -28 - v. Calculate the highest common divisor of w and 15.
15
Let o(k) = 28*k + 12. Let h be o(0). Let v = 9 - -15. What is the greatest common factor of v and h?
12
Suppose -249 = t - 715. Suppose 2*n + t = 78. Let y = -95 - n. What is the greatest common divisor of y and 11?
11
Suppose 0 = -13*v + 19*v - 306. Suppose -5*a + 6 = v. Let s be (-1294)/a - (-24)/108. What is the greatest common factor of s and 16?
16
Let i(z) = 37*z - 129. Suppose 0 = 15*t - 21 - 54. Let x be i(t). What is the greatest common factor of 70 and x?
14
Let p be -1 + 10 - 189/(-9). Calculate the highest common factor of 798 and p.
6
Suppose 4*s - 5*w = 392, 28*w - 32*w + 196 = 2*s. Calculate the greatest common divisor of 469 and s.
7
Let r(f) = -2*f**2 + 12*f + 8. Let u be r(7). Let m = u - -11. Let j be (112/3)/(m/60*4). Calculate the highest common factor of 16 and j.
16
Suppose 0 = -2*h - 6, 3*s = 6*h - 7*h + 3. Suppose -s*j = 2*p - 276 - 78, 3*j - 3*p = 549. What is the greatest common divisor of j and 144?
36
Let s = 17 - -7. Let j(d) be the second derivative of -d**4/12 + 13*d**3/6 + 23*d**2 - 2*d - 69. Let t be j(15). What is the greatest common factor of t and s?
8
Let w = -5067 + 6573. What is the highest common factor of 12 and w?
6
Let a(o) = 11*o**2 + o + 2. Let g be a(2). Let c = -269 - -349. Suppose 0 = 12*t - c + 8. Calculate the highest common divisor of g and t.
6
Let w = 2083 - 1471. Calculate the highest common factor of 2907 and w.
153
Let n be (4/(-10))/((-14)/105). Let l be 3 - (14 + -1 - 1 - n). Let k = l - -46. Calculate the highest common factor of k and 20.
20
Suppose -38*h = -146*h + 124416. Calculate the highest common factor of h and 99.
9
Suppose -29*y + 31*y - 115 = 3*g, y - 12 = -5*g. Calculate the highest common factor of y and 3807.
47
Let b(v) = 64*v**3 - 7*v**2 + 6*v - 8. Let x be b(4). Calculate the highest common factor of x and 8.
8
Let h be 2164/30 - (-34)/(-255). Let n = 1246 - 1084. What is the greatest common divisor of n and h?
18
Let w(f) = 87*f + 36. Let l be w(4). Let u = 122 + -98. What is the greatest common factor of u and l?
24
Let c(j) = 11*j - 123. Let i(r) = -31*r + 368. Let u(k) = 17*c(k) + 6*i(k). Let x be u(-15). Calculate the greatest common factor of x and 17.
17
Let t be -10 + 120 - 9 - (-3 + 4). Calculate the highest common divisor of 12 and t.
4
Let l = 145 + -141. Suppose n + l*i - 63 + 21 = 0, n - 3*i - 7 = 0. What is the greatest common divisor of 2 and n?
2
Suppose 425 = 4*i + 5*b + 1302, 0 = 3*i + b + 644. Let h = i + 248. Calculate the highest common divisor of 7 and h.
7
Let h(c) = -82*c + 8481. Let x be h(102). What is the greatest common divisor of x and 1248?
39
Let y be (3/(-3) - (1 + -2))/(-1). Suppose -2*m = -4*f - y*m + 30, 0 = -2*m + 2. Let a be 1/(-2)*(-104 - f). Calculate the highest common divisor of a and 14.
14
Let u = 51 + -49. Let v = u + -7. Let p be -2 + (-8 - 2)*v. Calculate the greatest common divisor of p and 32.
16
Suppose 41522 = 4*r + 3*m, 2*r - 13*m = -18*m + 20740. What is the greatest common divisor of 155 and r?
155
Let t be (22/121 - 2262/(-22)) + 56/(-14). What is the greatest common factor of t and 2189?
11
Let r(o) = -37*o + 120. Let n be r(3). Let g = -106 - -199. Let k = 174 - g. What is the greatest common factor of k and n?
9
Let k(b) = -15*b**2 - 539*b + 56. Let v be k(-36). Calculate the highest common divisor of 1130 and v.
10
Suppose 321 = 3*c - k, c + 57*k = 52*k + 91. Calculate the highest common divisor of 3392 and c.
106
Let y = 24257 + -23774. What is the highest common factor of 23 and y?
23
Let i(n) = -3*n - 22. Let v be i(-8). Suppose -3*h + 2*h = 2*d + 41, 84 = -v*h - 3*d. Let u = -42 - h. Calculate the highest common factor of u and 6.
3
Let h = 128 - 101. Let l(q) = 2*q**2 - 54*q - 3. Let r be l(h). Let z be (-45)/r - (-5)/1. Calculate the highest common divisor of z and 8.
4
Let p = -177 + 179. Suppose -2*o - 3*o - p*z = -82, -3*o = z - 49. What is the highest common factor of 16 and o?
16
Suppose 0 = 5*c + 4*r - 4 - 6, 4*c - 3*r = 8. Let o be (391/(-69))/(c/(-6)). What is the highest common factor of o and 17?
17
Let a be (-440)/(-36) + (-2)/9. Suppose -4*s + 3*z = -380 - 158, -3*z + 260 = 2*s. Suppose 0 = 6*n - 227 - s. What is the highest common factor of n and a?
12
Suppose 0 = -b + 28 - 24, z - 